o + s, o - 25 = 2*s - 1. What is the greatest common factor of o and q?
12
Suppose 3*l = 2*d - 24, 2*l + 47 + 17 = 4*d. Calculate the highest common divisor of 774 and d.
18
Let m be (-6)/24 - (1 + (-42)/8). Let p be m - -1*(-1 + 9). Calculate the highest common factor of 12 and p.
12
Let y be 2/6 + (-3263)/(-39). What is the greatest common factor of 12 and y?
12
Let m = 10 + -6. Suppose h - 90 = -m*h. Suppose 0 = -4*d + 2*u + 184, -d + 0*u = -5*u - 55. Calculate the greatest common divisor of d and h.
9
Let u(g) = -g**3 + 12*g**2 - 21*g - 9. Let x be u(10). Let a = -17 - x. Calculate the highest common factor of a and 18.
2
Let s be 1/5*(8 + 137). Suppose 0 = h + 4*h + 2*r - 1297, 4*r = 4*h - 1060. What is the greatest common divisor of s and h?
29
Let p = -4 - -4. Suppose p*u + 66 = 3*u. Suppose 3*s = -3*g - 0*g + 33, -3*g - 5*s = -33. What is the highest common divisor of u and g?
11
Let v(z) = -35*z - 186. Let l be v(-6). Let f be 75/6 - (-1)/(-2). What is the greatest common factor of f and l?
12
Let q = -286 - -298. Calculate the highest common divisor of q and 141.
3
Suppose 0 = -r + 6 + 12. Let l be 126/(-54) - (0 - 2/(-3)). Let o be (l/(-4))/((-2310)/(-576) + -4). What is the greatest common divisor of r and o?
18
Let v(b) = -b**3 - 7*b**2 + 26*b + 15. Let n be (-6*6/90)/(2/50). Let s be v(n). Calculate the highest common factor of 22 and s.
11
Let z be 14*(-43)/((-86)/120). Calculate the highest common factor of 240 and z.
120
Let z be ((-658)/49 + 14)/((-2)/(-49)). Suppose -y - 4 = -2*y. Let h be y/(-6) - 88/(-6). What is the greatest common factor of z and h?
14
Let t = -1081 + 1634. What is the greatest common factor of 158 and t?
79
Let g = 651 - 336. What is the greatest common factor of 126 and g?
63
Let n(k) = -k**2 + 19*k + 59. Let x be n(20). Let j(q) = -q**3 - 8*q**2 + 7*q - 5. Let v be j(-9). Calculate the greatest common divisor of v and x.
13
Let t be (-3)/(-2)*(44 + -2). Let m be 19/1 - (-8 - -6). Suppose 0*l + 3*l = m. Calculate the greatest common divisor of l and t.
7
Suppose 5866 - 1078 = 12*m. Calculate the highest common factor of m and 21.
21
Suppose -2*d + 196 = 2*v, -d + 0*v + 92 = -2*v. Let f = 19 + -19. Suppose 6*x = -f*x + 72. Calculate the highest common divisor of d and x.
12
Suppose u = -2*m + 13, m + u - 1 - 5 = 0. Let v be (-12)/(-9)*42/4. What is the greatest common divisor of v and m?
7
Suppose 66 - 168 = -3*w. Let b(n) = -n**3 + 3*n - 1. Let m be b(-3). Calculate the greatest common divisor of m and w.
17
Let g(d) = 4*d + 210. Let w be g(-21). Let j be 20 + (-1)/((-2)/(-4)). Calculate the greatest common factor of j and w.
18
Let y be (174/4)/((-118)/(-7316)). What is the highest common divisor of 87 and y?
87
Let z be ((-360)/(-20)*(-2 - 1))/(-2). Suppose q + z = 4*q. Calculate the highest common divisor of q and 99.
9
Let u = -22 + 26. Suppose -2*b + c = -4*c - 93, 0 = -b - u*c + 66. Calculate the greatest common factor of b and 81.
27
Let h(i) = -5*i + 10. Let x be h(3). Let n(a) = 5*a + 2. Let m be n(3). Let f = x + m. What is the greatest common divisor of 4 and f?
4
Let w be 254/12 + (5 - (-93)/(-18)). Let r = 29 - w. What is the highest common divisor of r and 24?
8
Let f(a) = -a**3 + 35*a**2 - 25*a + 51. Let p be f(34). Calculate the greatest common divisor of 34 and p.
17
Let c = 26 + -20. Suppose c = i + 2. Suppose 113 - 657 = -i*w. What is the highest common factor of 17 and w?
17
Let h = 51 - 25. Let q = -14 + h. Calculate the greatest common divisor of q and 132.
12
Let x = -30 + 34. Suppose 3*w + 8 = x*w. Calculate the greatest common divisor of 20 and w.
4
Suppose 69 = 3*q - 0*q + 3*k, -q + k + 19 = 0. Suppose -1 + 3 = r. Suppose -r*g + 840 = 3*g. Calculate the highest common factor of g and q.
21
Let y(p) = 3*p + 16. Let s be y(8). Suppose -2*j = -4*j + s. Let h = 23 - j. Calculate the greatest common divisor of h and 12.
3
Suppose -5*j - 73 + 233 = 0. What is the highest common divisor of 80 and j?
16
Let c = 5933 - 9118. Let n be (-2)/(-4) + c/(-14) + 3. What is the greatest common divisor of n and 33?
33
Suppose 0 = -2*j + 2, -4*b + 6323 + 614 = -3*j. What is the greatest common divisor of 5 and b?
5
Suppose -15*c - 116 = -4196. What is the highest common factor of 16 and c?
16
Let t(x) = -3*x**3 - 5*x**2 + 5*x - 1. Let a be t(-3). Calculate the highest common factor of a and 135.
5
Let l(v) = -v**3 + 35*v**2 + 33*v + 133. Let r be l(36). What is the highest common factor of r and 1850?
25
Let g(j) = j + 3. Let b be g(-2). Calculate the highest common factor of b and 4.
1
Let t(o) be the second derivative of o**5/5 + o**4/12 + o**3/6 - 2*o**2 + 22*o. Let w be t(2). What is the greatest common factor of 136 and w?
34
Let v be 539/55 + 1/5. Suppose -4*c - v - 30 = 0. Let p = c - -82. Calculate the greatest common factor of 9 and p.
9
Let z = 0 - -2. Suppose y + 4 = 8. Let l be (-12 - -11)/((-2)/y). Calculate the greatest common divisor of l and z.
2
Suppose -7*w + 2 = -6*w. Suppose 2*b = w*q - 0*q - 52, -5*q - 2*b + 123 = 0. Let o = 11 + q. What is the greatest common divisor of 144 and o?
36
Let m = 16 + -8. Let l = 15 - 13. Suppose -l*k = k - 192. What is the greatest common factor of k and m?
8
Let d(x) = -x**2 - 12*x + 2. Let q be d(-11). Calculate the greatest common divisor of 1105 and q.
13
Let i = 1590 + -1586. Let d be 177 + 0*(-2)/2. Suppose -3*y + 3*q + d = 2*y, y - q - 35 = 0. Calculate the highest common divisor of y and i.
4
Let n(u) = 52*u - 2. Let f be n(3). Suppose -4*o - 10 = -i, -90 = 2*i + 5*o - 123. Calculate the greatest common factor of f and i.
14
Let u be 609/406*74/3. Calculate the highest common divisor of 259 and u.
37
Let v(w) = 4*w**2 - 6*w - 11. Let b be v(-2). Calculate the greatest common divisor of 544 and b.
17
Suppose 5*f + 390 = 2*n, -12*f + 4*n = -16*f - 312. Let q = f + 84. Calculate the greatest common divisor of q and 42.
6
Let i be 15 + -13 - (14 - 0). Let v be (-136)/10*30/i. Suppose 0 = -5*w - 4*t + 160, -4*w - 4*t + 158 - v = 0. Calculate the highest common factor of w and 9.
9
Let u(q) = -q**2 - 15*q + 13. Suppose 7*d + 112 = -d. Let s be u(d). Calculate the greatest common factor of s and 297.
27
Let g(c) = -c**2 + 2*c. Let p be g(4). Suppose -23*f - 483 = -2*f. Let j = p - f. What is the highest common divisor of j and 30?
15
Let b be 2/3*9*81/6. Calculate the greatest common factor of 333 and b.
9
Suppose 8 = 5*t - 3*t - v, -20 = -4*t + 4*v. Suppose 3*r = -4*l + 9, 2*l + 0*l - r = 17. What is the greatest common factor of l and t?
3
Suppose 399 - 143 = 16*r. Suppose -2*y + 4 + 4 = 0. Calculate the highest common factor of y and r.
4
Let i(h) = -h**2 + 12*h. Let m be i(12). Suppose m = -5*b + 6*b + 10. Let v = b + 82. What is the greatest common divisor of 9 and v?
9
Suppose -51 - 37 = -4*a. Suppose b - j = 15, 15 + 0 = -5*j. Let v = a - b. Calculate the greatest common factor of v and 2.
2
Let n be (-1859)/91 + 3/7. Let i = n - -36. Calculate the highest common factor of i and 176.
16
Let m(f) = -42*f - 3. Let t(b) = 21*b + 1. Let x(h) = 2*m(h) + 5*t(h). Let d be x(5). Let o be (-2 + 60/4)*1. Calculate the highest common factor of d and o.
13
Suppose -15*x - 364 = -19*x. Calculate the greatest common factor of 26 and x.
13
Suppose 0 = -208*o + 193*o + 510. Calculate the highest common factor of o and 323.
17
Suppose -5*x = -5 - 15. Let n be (-1070)/x - 1/2. Let l = 385 + n. What is the greatest common divisor of l and 13?
13
Let k(h) = -31*h - 2. Let q be k(1). Let m = q + 68. What is the highest common divisor of m and 14?
7
Let r be ((-24)/30)/((-124)/40 + 3). Calculate the highest common divisor of r and 100.
4
Let g = 345 - -7. What is the highest common divisor of g and 22?
22
Let k(r) = -r**3 - 10*r**2 - 2*r - 80. Let b be k(-11). Calculate the greatest common divisor of b and 2835.
63
Suppose 2*q - 4*s = 290, -3*s - 206 = -5*q + 512. Suppose 3*d = 4*w - 45, 2*w - 1 = -d - 2*w. Let m = 24 + d. Calculate the highest common factor of m and q.
13
Let i be (-3 - (-588)/27) + (-14)/(-63). Let t(y) = y**2 + y - 9. Let d be t(i). What is the greatest common factor of 53 and d?
53
Let b = -21 - -10. Let c = b + 123. Suppose 4 + 10 = a. Calculate the highest common divisor of c and a.
14
Suppose -4*i + 5*c + 535 = 0, 9*i - c - 653 =